160.
53
What is the remainder when 387610 is divided by 7752?
10
Calculate the remainder when 170858 is divided by 28475.
8
Calculate the remainder when 5679 is divided by 15.
9
What is the remainder when 5339 is divided by 1754?
77
Calculate the remainder when 9813 is divided by 330.
243
What is the remainder when 2199 is divided by 2172?
27
What is the remainder when 6286 is divided by 251?
11
Calculate the remainder when 7522 is divided by 90.
52
Calculate the remainder when 116192 is divided by 58065.
62
What is the remainder when 1422 is divided by 176?
14
What is the remainder when 85005 is divided by 766?
745
What is the remainder when 13878 is divided by 1007?
787
Calculate the remainder when 2531 is divided by 778.
197
Calculate the remainder when 3886 is divided by 14.
8
What is the remainder when 1398 is divided by 47?
35
What is the remainder when 20457 is divided by 181?
4
What is the remainder when 4989 is divided by 626?
607
What is the remainder when 18839 is divided by 320?
279
What is the remainder when 8999 is divided by 63?
53
What is the remainder when 358656 is divided by 13?
12
What is the remainder when 9598 is divided by 300?
298
What is the remainder when 55429 is divided by 1047?
985
What is the remainder when 16405 is divided by 2328?
109
Calculate the remainder when 6779 is divided by 3262.
255
What is the remainder when 14686 is divided by 1215?
106
Calculate the remainder when 1909 is divided by 184.
69
Calculate the remainder when 16076 is divided by 199.
156
What is the remainder when 11009 is divided by 428?
309
What is the remainder when 295375 is divided by 7384?
15
Calculate the remainder when 154102 is divided by 259.
256
Calculate the remainder when 182014 is divided by 591.
577
What is the remainder when 103907 is divided by 42?
41
Calculate the remainder when 1254 is divided by 315.
309
What is the remainder when 16052 is divided by 573?
8
What is the remainder when 4496 is divided by 22?
8
Calculate the remainder when 32330 is divided by 3588.
38
What is the remainder when 37959 is divided by 54?
51
What is the remainder when 28207 is divided by 14?
11
What is the remainder when 2085 is divided by 681?
42
Calculate the remainder when 204970 is divided by 854.
10
What is the remainder when 71132 is divided by 560?
12
Calculate the remainder when 1675 is divided by 9.
1
What is the remainder when 2933 is divided by 1287?
359
Calculate the remainder when 16744 is divided by 275.
244
Calculate the remainder when 2558 is divided by 375.
308
What is the remainder when 64697 is divided by 719?
706
Calculate the remainder when 2409 is divided by 133.
15
What is the remainder when 12301 is divided by 1365?
16
What is the remainder when 61377 is divided by 1806?
1779
What is the remainder when 340 is divided by 92?
64
What is the remainder when 979 is divided by 14?
13
What is the remainder when 1042 is divided by 734?
308
Calculate the remainder when 2735 is divided by 15.
5
What is the remainder when 19052 is divided by 153?
80
What is the remainder when 361432 is divided by 17?
12
Calculate the remainder when 7988 is divided by 140.
8
What is the remainder when 1249 is divided by 402?
43
What is the remainder when 32223 is divided by 1074?
3
Calculate the remainder when 2456047 is divided by 118.
113
Calculate the remainder when 33830 is divided by 434.
412
What is the remainder when 4344 is divided by 1031?
220
Calculate the remainder when 4384 is divided by 348.
208
What is the remainder when 62677 is divided by 5695?
32
What is the remainder when 6317 is divided by 20?
17
What is the remainder when 10079 is divided by 5027?
25
What is the remainder when 12389 is divided by 118?
117
What is the remainder when 236926 is divided by 14?
4
What is the remainder when 544820 is divided by 7?
3
What is the remainder when 18871 is divided by 539?
6
Calculate the remainder when 32170 is divided by 37.
17
What is the remainder when 24589 is divided by 60?
49
Calculate the remainder when 11072 is divided by 78.
74
What is the remainder when 44090 is divided by 19?
10
Calculate the remainder when 36163 is divided by 452.
3
Calculate the remainder when 1870 is divided by 1819.
51
What is the remainder when 312060 is divided by 110?
100
Calculate the remainder when 334322 is divided by 84.
2
What is the remainder when 7061 is divided by 37?
31
Calculate the remainder when 2347 is divided by 15.
7
What is the remainder when 86670 is divided by 17332?
10
What is the remainder when 23282 is divided by 775?
32
What is the remainder when 12927 is divided by 142?
5
Calculate the remainder when 5002350 is divided by 106.
104
Calculate the remainder when 31346 is divided by 50.
46
Calculate the remainder when 121622 is divided by 113.
34
What is the remainder when 94363 is divided by 642?
631
Calculate the remainder when 68976 is divided by 766.
36
Calculate the remainder when 6246 is divided by 272.
262
What is the remainder when 22462 is divided by 11216?
30
What is the remainder when 45494 is divided by 410?
394
What is the remainder when 16833 is divided by 46?
43
Calculate the remainder when 451623 is divided by 15573.
6
Calculate the remainder when 414 is divided by 251.
163
What is the remainder when 1622 is divided by 1583?
39
Calculate the remainder when 46141 is divided by 530.
31
Calculate the remainder when 288752 is divided by 288750.
2
Calculate the remainder when 528 is divided by 506.
22
What is the remainder when 46122 is divided by 206?
184
What is the remainder when 76893 is divided by 13?
11
Calculate the remainder when 8302 is divided by 90.
22
Calculate the remainder when 12127 is divided by 22.
5
What is the remainder when 4200 is divided by 136?
120
Calculate the remainder when 6295 is divided by 3110.
75
Calculate the remainder when 201012 is divided by 6281.
20
Calculate the remainder when 9304 is divided by 66.
64
Calculate the remainder when 2004 is divided by 998.
8
What is the remainder when 6720 is divided by 809?
248
Calculate the remainder when 1571316 is divided by 513.
510
What is the remainder when 2407 is divided by 917?
573
What is the remainder when 210910 is divided by 52724?
14
Calculate the remainder when 21753 is divided by 3104.
25
What is the remainder when 1026 is divided by 505?
16
What is the remainder when 29017 is divided by 1527?
4
What is the remainder when 42556 is divided by 559?
72
What is the remainder when 9143 is divided by 910?
43
Calculate the remainder when 3474 is divided by 25.
24
Calculate the remainder when 140045 is divided by 204.
101
What is the remainder when 1540 is divided by 302?
30
What is the remainder when 493029 is divided by 27?
9
Calculate the remainder when 1250 is divided by 1066.
184
Calculate the remainder when 1393 is divided by 1387.
6
Calculate the remainder when 55219 is divided by 236.
231
Calculate the remainder when 662293 is divided by 331141.
11
Calculate the remainder when 789 is divided by 730.
59
Calculate the remainder when 486329 is divided by 29.
28
Calculate the remainder when 9712 is divided by 965.
62
What is the remainder when 1479 is divided by 362?
31
What is the remainder when 48557 is divided by 9692?
97
What is the remainder when 4945 is divided by 100?
45
Calculate the remainder when 22615 is divided by 165.
10
What is the remainder when 1409 is divided by 116?
17
What is the remainder when 1771 is divided by 262?
199
What is the remainder when 1354 is divided by 191?
17
Calculate the remainder when 674866 is divided by 310.
306
What is the remainder when 20896 is divided by 33?
7
Calculate the remainder when 50552 is divided by 14.
12
What is the remainder when 15155 is divided by 379?
374
What is the remainder when 278986 is divided by 738?
22
What is the remainder when 28631 is divided by 9509?
104
What is the remainder when 1651932 is divided by 2?
0
Calculate the remainder when 22766 is divided by 99.
95
Calculate the remainder when 184685 is divided by 238.
235
What is the remainder when 2804 is divided by 95?
49
Calculate the remainder when 1919210 is divided by 2116.
2114
Calculate the remainder when 26901 is divided by 124.
117
Calculate the remainder when 84916 is divided by 16969.
71
What is the remainder wh